rs of k?
3, 7
Let h = 5868 - -11137. List the prime factors of h.
5, 19, 179
Let b(a) = 28*a + 255. Let s be b(-9). Let k(i) = -2*i**2 + 3*i**2 - 3 + i**3 - 1 + 5*i. What are the prime factors of k(s)?
47
Suppose 6*f = -10*f + 1024. Suppose m + f + 5 = 0. What are the prime factors of (4 + -1)*1 - m - 3?
3, 23
Suppose 0 = -8*v + 3066 + 3870. Suppose 6*p = 963 + v. What are the prime factors of p?
5, 61
What are the prime factors of (3/(-12)*-6)/((1647/70236)/61)?
2, 1951
Suppose c = 5*r - 7*r + 11778, 3*r - c = 17662. List the prime factors of r.
2, 23
Let p be 2/8 - 2949/(-12). Suppose -1212 = -3*k + p. List the prime factors of k.
2, 3
Suppose -t = 3, -12*t = -y - 13*t + 57711. List the prime factors of y.
2, 3, 9619
Suppose 167459 + 273947 = 41*u. What are the prime factors of u?
2, 7, 769
Suppose 0 = u + 6 - 3. Let n(y) = -8*y**3 - 2*y**2 + y + 2. List the prime factors of n(u).
197
Let y be (-2)/(-6 - -4) + -1 + 2. Let w(o) = -2*o**3 + 3*o**2 - 4*o + 3. Let v be w(y). List the prime factors of ((-46)/(-6))/(v/(-162)).
2, 3, 23
Let j(r) = 4*r - 53. Let l be j(15). Suppose 8 = -2*g + 26. Suppose l*z = g*z - 150. List the prime factors of z.
3, 5
Suppose -1456 = 3*d - 19*d. Let v = d + 1118. List the prime factors of v.
3, 13, 31
Suppose 3*r + 9*j = 4*j + 20860, 5*j = 5*r - 34700. What are the prime factors of r?
3, 5, 463
Suppose -5*q + 2*q + 48055 = -115535. What are the prime factors of q?
2, 5, 7, 19, 41
Suppose 0 = 13*n - 41 - 24. Suppose 1122 = 3*d + n*r, -5*d + 1870 = -0*d + r. List the prime factors of d.
2, 11, 17
Let b(r) = -3*r**3 - r**2 - 4*r + 87. Let y be b(0). Suppose 2*p - 5*p = -546. Let q = p - y. List the prime factors of q.
5, 19
Let y be -2*4/(-8)*2. Suppose -2*m - 16 = -y*n - 6*m, m - 4 = 0. Suppose n = -2*l - k + 187 + 68, -l + k + 123 = 0. List the prime factors of l.
2, 3, 7
Let a(w) = 114*w**2 + 450*w - 65. List the prime factors of a(-16).
23, 953
Let z = -48 - -51. Suppose -z*g + 2*g + 89 = 0. What are the prime factors of g?
89
Suppose 0 = -b + 4*x + 5603 + 7682, 3*b + 5*x = 39855. List the prime factors of b.
5, 2657
Suppose 89*a - 1593360 = 17*a. What are the prime factors of a?
2, 5, 2213
Let w be 2 + (25/5 - (496 - 0)). Let t = 28 - w. List the prime factors of t.
11, 47
Let g(u) = -u**3 + 24*u**2 + 77*u - 32. List the prime factors of g(16).
2, 7, 29
Suppose g - 55 = 3*x, 3*g - g = 5*x + 105. List the prime factors of g.
2, 5
Let n be (0 - (-4)/(-3))*(0 + -12). Suppose 2*a = 6*a + n. List the prime factors of 1/a + 4776/32 + -2.
3, 7
Suppose 0 = 344*i - 367*i + 26542. List the prime factors of i.
2, 577
Suppose -2*a + 24 = -3*k + k, -5*k - 15 = 0. Let v(n) = 3 - 5 - 50*n + a*n - 1. What are the prime factors of v(-2)?
79
Let g(n) = -n**3 + 11*n**2 - 17*n + 78. Let c be g(10). List the prime factors of (706/4)/(1/c).
2, 353
Suppose -5*w = -10, -3*n + 8*n - 248 = -4*w. Suppose n = i - 7*i. Let j = i - -68. List the prime factors of j.
2, 3, 5
Suppose 32788 = 2*w - 32*a + 28*a, w + 2*a = 16398. List the prime factors of w.
2, 4099
Let f be 2 + (-2*(4 + -3))/1. Suppose 13*u + u + 504 = f. Let n = u + 126. What are the prime factors of n?
2, 3, 5
Let q be 13/11 - (6 - (-64)/(-11)). Suppose m - q - 11 = 0. List the prime factors of (-5)/(1/(-4)*m/42).
2, 5, 7
Let i be (10/(-15))/(2 - 78/36). Suppose 5*t + 22*o = 20*o + 6622, -3*t + 3968 = -i*o. What are the prime factors of t?
2, 331
Suppose 4*r - 1 - 34 = -3*g, -2*g - 5*r + 28 = 0. Suppose -10*f + 9*f - 88 = -2*x, -5*x + 238 = 2*f. Suppose -350 - x = -g*o. What are the prime factors of o?
2, 11
Let c be (-3)/18 + (-2639)/(-174). Suppose 0 = 2*x + 5*w - 3061, 2*x + 17*w = c*w + 3058. What are the prime factors of x?
2, 191
What are the prime factors of (3 + (8 - 8))*6725/1?
3, 5, 269
Suppose -q + 3 = 3*q + 3*v, 0 = -4*q + v + 15. Suppose -13*o = -q*o - 430. List the prime factors of o.
43
Let r = -55 + 29. Let z(o) = -4*o + 18. Let k be z(-9). Let c = k - r. List the prime factors of c.
2, 5
Suppose 3*k = 3*p + 84525, 5*k - 99651 = p + 41216. What are the prime factors of k?
3, 9391
Suppose -2*c = -5*m - 13671, -83*c + 4*m - 13662 = -85*c. What are the prime factors of c?
6833
Let g(o) = -10*o - 23. Let p(j) = -5*j - 12. Let v(r) = -4*g(r) + 7*p(r). What are the prime factors of v(17)?
3, 31
Let h(m) = -1510*m + 526. List the prime factors of h(-3).
2, 79
Let k = 3508 - 1667. List the prime factors of k.
7, 263
Let k(z) = 5*z - 3. Let q(g) = 3*g - 2. Let i(c) = -4*k(c) + 7*q(c). Let s be i(1). List the prime factors of (s - -5)*-2*68/(-8).
2, 17
Let w = -87 - -189. Suppose -2*d = w - 482. What are the prime factors of d?
2, 5, 19
Let b(d) = -d**3 + 13*d**2 - d**3 + 3*d**3 + 12*d + 20 + 11*d. Suppose -83 + 191 = -12*y. List the prime factors of b(y).
137
Let c(x) = -2*x**2 + 13*x + 6. Let o be c(7). Let i be (-1 + 1)/(-22 + 23). List the prime factors of (11 + -2)/(o/(-3) + i).
3
Let l(x) = 2*x**3 - 6*x**2 + 8*x - 15. Let h be l(4). Suppose 2424 = -43*v + h*v. List the prime factors of v.
2, 101
Suppose 165*y - 168*y + 26227 = -32753. List the prime factors of y.
2, 5, 983
List the prime factors of 4/((-132)/(-1961793)) - 81/297.
2, 3, 2477
List the prime factors of (-1)/4 - 1469/(-104)*3026.
2, 7, 43, 71
Let d(f) = -269*f - 2721. List the prime factors of d(-70).
89, 181
Let u be (-9)/(-63) + 2*(-52)/(-56). Suppose 3*m - 3528 + 255 = 4*q, u*m - 2189 = 5*q. What are the prime factors of m?
1087
Suppose -5*h + 2270 = 5*h. Let q = h - 100. What are the prime factors of q?
127
What are the prime factors of 3010 + (-56)/(15 + -7)?
3, 7, 11, 13
Suppose 0 = 3*k + 5*s - 21, -3*k + 6*s - s = 9. What are the prime factors of ((-16)/48)/(k/(-300))?
2, 5
Suppose -i = -w - 36, -4*w + 3 + 57 = 2*i. Suppose -i*p - 59433 = -67*p. List the prime factors of p.
1801
Suppose -15*n + 4195 + 27215 = 0. Suppose 6*h = -0*h + n. Suppose -66 - h = -4*g + 3*a, -2*g + 211 = -5*a. What are the prime factors of g?
103
Let f(z) = z**2 - 8*z - 4. Let k(o) = 2*o**2 - 9*o - 2. Let h(l) = -4*f(l) + 3*k(l). Suppose 15 = c + 4*q, -4*c = c - 3*q - 29. List the prime factors of h(c).
11, 13
Suppose 8*x = 19 + 13. What are the prime factors of (((-672)/98)/12)/(x/(-13454))?
2, 31
Suppose -4*g + 30*g = 761263 + 3527. What are the prime factors of g?
3, 5, 37, 53
Let d(x) = 11*x**2 - 11*x + 88. Let j be d(13). Suppose 28*t - 26*t - j = 0. What are the prime factors of t?
2, 11, 41
Suppose 4316 = -3*i - 23*i. Let d = i + 554. List the prime factors of d.
2, 97
Let u(c) = -40*c - 76. Let t be u(-2). Let f = 10 - 7. Suppose -t*d + 41 = -j - 140, f*d = 3*j + 129. List the prime factors of d.
2, 23
What are the prime factors of (-38478)/(-212)*(-236)/(-6)?
11, 59
Let l = -49 - 1. Let s be (1 - 3)/(25/l). Suppose s*c - i = 226, 2*i = -2*c - 2*i + 122. What are the prime factors of c?
3, 19
Let b = 28443 - 18116. List the prime factors of b.
23, 449
Let u(x) = -4*x**3 - 8*x**2 + 257*x + 9. What are the prime factors of u(-13)?
2, 3, 19
Suppose -5*w + 13*n = 11*n - 118329, -2*w - 3*n + 47324 = 0. What are the prime factors of w?
5, 4733
Let o = 38 - 38. Suppose 4 + o = -5*a - b, 2*a = -5*b + 3. List the prime factors of 1 - a/(5/535).
2, 3
Suppose 6*s - s + 3*u = 262, -5*s + 4*u = -234. Suppose -3*h - b - s = 0, -h = -3*h + 5*b - 22. What are the prime factors of 318/5 + h/(-40)?
2
Let s be ((-48)/15 - -2)*230/(-69). Suppose s*d = -3*c + 2311, 953 = d + 3*c + 373. List the prime factors of d.
577
Suppose 3*q - 2*q + 76420 = 3*i, -5*q + 25484 = i. What are the prime factors of i?
2, 47, 271
Suppose -483360 = -123*p - 140*p + 225*p. What are the prime factors of p?
2, 3, 5, 53
Suppose -4*x - 100 = 3*u + u, 4*x + 129 = -5*u. Let p = -12 - u. Suppose p*t - 19*t + 24 = 0. List the prime factors of t.
2, 3
Let k = 147484 - 105045. What are the prime factors of k?
31, 37
Suppose -12*r - 11 = 25. What are the prime factors of r/5 + 11065/25?
2, 13, 17
Let q(y) = y**3 - 7*y**2 + 5*y + 20. Let n = -131 - -157. Suppose 0 = 3*c + 2*z - 31, 2*c + 4*z + 0 = n. What are the prime factors of q(c)?
227
Suppose 0 = 4*c - 151*g + 149*g - 181546, -9 = 3*g. List the prime factors of c.
5, 29, 313
Suppose x = 4*y + 5477, 2*x + 133*y - 130*y = 10932. What are the prime factors of x?
3, 1823
Suppose -5*u - 64 = -49. Let c(d) = -d**